{"id":36,"date":"2017-09-25T16:17:49","date_gmt":"2017-09-25T14:17:49","guid":{"rendered":"http:\/\/jura.vet\/wordpress\/?page_id=36"},"modified":"2020-09-23T18:39:39","modified_gmt":"2020-09-23T16:39:39","slug":"accueil-2","status":"publish","type":"page","link":"https:\/\/jura.vet\/","title":{"rendered":"CLINIQUE VETERINAIRE DE LA BRENNE"},"content":{"rendered":"<p>V\u00e9t\u00e9rinaires pour toutes esp\u00e8ces \u00e0 Toulouse le Ch\u00e2teau<\/p>\n","protected":false},"excerpt":{"rendered":"<p>V\u00e9t\u00e9rinaires pour toutes esp\u00e8ces \u00e0 Toulouse le Ch\u00e2teau<\/p>\n","protected":false},"author":1,"featured_media":0,"parent":0,"menu_order":0,"comment_status":"closed","ping_status":"closed","template":"","meta":{"footnotes":""},"class_list":["post-36","page","type-page","status-publish","hentry"],"_links":{"self":[{"href":"https:\/\/jura.vet\/index.php\/wp-json\/wp\/v2\/pages\/36","targetHints":{"allow":["GET"]}}],"collection":[{"href":"https:\/\/jura.vet\/index.php\/wp-json\/wp\/v2\/pages"}],"about":[{"href":"https:\/\/jura.vet\/index.php\/wp-json\/wp\/v2\/types\/page"}],"author":[{"embeddable":true,"href":"https:\/\/jura.vet\/index.php\/wp-json\/wp\/v2\/users\/1"}],"replies":[{"embeddable":true,"href":"https:\/\/jura.vet\/index.php\/wp-json\/wp\/v2\/comments?post=36"}],"version-history":[{"count":3,"href":"https:\/\/jura.vet\/index.php\/wp-json\/wp\/v2\/pages\/36\/revisions"}],"predecessor-version":[{"id":415,"href":"https:\/\/jura.vet\/index.php\/wp-json\/wp\/v2\/pages\/36\/revisions\/415"}],"wp:attachment":[{"href":"https:\/\/jura.vet\/index.php\/wp-json\/wp\/v2\/media?parent=36"}],"curies":[{"name":"wp","href":"https:\/\/api.w.org\/{rel}","templated":true}]}}